ative of d**3/3 - 4*d**2 + 2*d - 5. Let j be h(6). Is j/(-15) + (-728)/(-6) prime?
False
Suppose 25 = 3*j - 5*p, 7 + 13 = 2*j - 4*p. Suppose 0*h - 79 = -l - 5*h, j = 2*l + h - 176. Is l a composite number?
False
Suppose 4*i - 7*i + 3*y + 27 = 0, -35 = -3*i + 5*y. Suppose -o - 12 = -i*o. Suppose 4*s = -2*d + 22, d - o*s = -3*d + 55. Is d composite?
False
Suppose m + 3*x = -4, 0 = -3*m - 46*x + 50*x + 27. Let d be 1248 - (0 + -1*1). Suppose -404 + d = m*t. Is t composite?
True
Let x = -81 - -1790. Is x composite?
False
Let y(g) = -8509*g**3 + g**2 - 8*g - 9. Is y(-1) composite?
True
Suppose -3*v + 7*v = 0. Let h be -1*(5/(-1) + v). Suppose -h*t + 925 = -0*t. Is t a prime number?
False
Suppose 0 = 5*d - 2*t + 134, -d - 30 = -0*t - 2*t. Let j(q) = -28*q - 25. Let l be j(-3). Let y = d + l. Is y a composite number?
True
Let g(i) be the second derivative of i**4/4 + i**3/3 - 4*i. Let o be g(-2). Suppose 3*p + 445 = o*p. Is p a composite number?
False
Suppose 4*l - 15 = l. Is l*((-27774)/15)/(-6) a composite number?
False
Suppose 8*k - 7*k + 9646 = d, 15 = -3*k. Is d composite?
True
Is 124365/20*(-140)/(-21) prime?
False
Suppose 12723 = -5*o - 3*r, -2707 = o - 3*r - 166. Let l = o - -4597. Is l composite?
False
Suppose -3 = -4*a + 5. Let y(n) = 287*n**2 + 98*n**2 + 116*n**a. Is y(-1) composite?
True
Suppose -5*j + 5831 = -334. Suppose 3*z - j = 5280. Is z a composite number?
True
Let f = -137 + 2086. Is f composite?
False
Suppose 5*h - 2*c = 24547, -h - 14725 = -4*h - 2*c. Is h a composite number?
False
Suppose 4*j = 1410 + 2426. Is j prime?
False
Suppose -9*h - 120 = -2*s - 8*h, 0 = -2*h - 4. Is s composite?
False
Is 26/(-78) - 731532/(-9) composite?
False
Let f(z) = 15*z - 11. Let s(o) = 18*o - 11. Let d(p) = 3*f(p) - 2*s(p). Let l be 276/27 - 2/9. Is d(l) prime?
True
Let o = -88 - -93. Suppose h - 4645 - 3260 = o*k, 0 = 3*k + 6. Is h a composite number?
True
Let l(j) = 52*j**3 - 3*j**2 - 15. Is l(8) a prime number?
True
Suppose 0*o - o - 2*d = 2, -4*o - 8 = -4*d. Is 40 - (1 + (o - 2)) composite?
False
Let s(d) be the third derivative of -17*d**6/720 + 5*d**4/24 - 3*d**2. Let q(o) be the second derivative of s(o). Is q(-2) composite?
True
Suppose n = 5*n - 48. Let i = n - 17. Is 2*i/((-30)/711) composite?
True
Let y = 9048 + 2165. Is y composite?
False
Let d be -3*(16/(-6) - -2). Is ((-11)/((-44)/3128))/d prime?
False
Suppose -4*a - 3*b = a - 3213, -5*b - 1279 = -2*a. Suppose -z = 4*w - 2*w - a, 0 = -3*z + 6. Let p = w - 193. Is p a composite number?
False
Let r(u) = 8*u**3 + u**2 + u - 2. Let o be r(1). Suppose -5*p - 2 = o. Let v(a) = -12*a - 5. Is v(p) prime?
True
Let g(o) = 3*o - 13. Suppose 0 = -4*c + 8, 5*x - 2*c - 58 = -6*c. Let y be g(x). Suppose 2*z = 11 + y. Is z a composite number?
True
Suppose -3*i - 2*i - 7639 = 4*l, 2*l + 3825 = 3*i. Let h be 6/10 - l/(-35). Is -3*(-2)/6 - h prime?
False
Let x(f) = 3*f**2 - 31*f + 22. Let c(v) = v**2 - 15*v + 11. Let z = -9 - -12. Let q(i) = z*x(i) - 7*c(i). Is q(-10) prime?
False
Let u(h) = -12*h + 3. Let p = 12 - 13. Is u(p) a composite number?
True
Suppose 570*u = 572*u - 16798. Is u a composite number?
True
Let l(r) = 4*r**2 - 226*r + 5. Is l(-67) prime?
False
Suppose 3 - 15 = -6*v. Suppose -2*f = 7*i - 3*i - 36, 0 = v*f. Let o(u) = 34*u - 19. Is o(i) composite?
True
Let y = -22 - -22. Suppose 4*c - 5537 + 933 = y. Is c a composite number?
False
Suppose 30 = -0*y + 6*y. Suppose -6548 = -4*s - 2*l, y*l + 3274 = 2*s + 7*l. Is s composite?
False
Suppose 0 = -5*r + d + 2*d + 99208, -5*r + 99202 = 3*d. Is r a composite number?
False
Is ((-2)/10)/((-2)/52130) composite?
True
Suppose -4*c - 4*i + 27864 = 0, -3*c - 2*i + 3*i + 20918 = 0. Is c a prime number?
True
Let c(d) = -335*d**2. Let v be c(1). Let z = 445 + -653. Let i = z - v. Is i a composite number?
False
Let x be (-195)/(-3 - 0)*16. Let h = 2697 - x. Is h composite?
False
Suppose -y + 3*a + 77 = -2*a, 4*a + 8 = 0. Let o(n) = -9*n + 1. Let u be o(-1). Let j = y + u. Is j composite?
True
Let a(z) = 8*z**3 + 3*z**2 + 17*z - 59. Is a(12) a composite number?
False
Suppose 42 = 4*y + 10. Let z(s) = -s**3 + 7*s**2 + 9*s - 3. Let n be z(y). Suppose u + 79 = 4*k - 48, -3*k + 78 = n*u. Is k a composite number?
False
Suppose -32 = -2*d + 12. Let a = 1 + d. Let g = a + 83. Is g prime?
False
Suppose 939 = 3*f - w, 0 = 4*f - 3*f - 4*w - 302. Suppose y - 13 = f. Is y prime?
False
Let z be 1 - (0 + -1 + 4). Is (4/z - -6) + 67 a prime number?
True
Let y be 20/8*(-16)/(-20). Suppose y*h + 283 = 2315. Suppose 2*x - h = -130. Is x prime?
True
Let m = 237 + -172. Is m prime?
False
Let l(w) = -2*w - 26. Let o be l(-18). Suppose 7*n + 489 = o*n. Is n composite?
False
Let v(c) = c**3 + 7*c**2 + 5*c - 2. Let z be v(-6). Suppose b + 15 = z*b. Suppose -3*s + 126 + 45 = 5*p, 4*p = -b*s + 142. Is p a composite number?
True
Let b = 7 + -13. Let v be (-327)/b*2 + 4. Let m = v + 8. Is m a composite number?
True
Suppose 4*o + 4 = -4*m, 6*o - o - 25 = m. Let q(n) be the second derivative of -n**5/20 - n**4/3 + 2*n**3/3 + n**2 + 29*n - 2. Is q(m) composite?
False
Suppose 27210 = 87*v - 81*v. Is v a composite number?
True
Let u(l) = 614*l + 243. Is u(37) composite?
False
Let p(d) = 0*d - 7*d**2 + 4*d**2 - 3*d**3 + d + 0 + 2. Is p(-9) composite?
True
Let k = -122 + -16. Let d = -250 - -474. Let c = d + k. Is c prime?
False
Let o = -9 - -12. Suppose -198 = -o*g + 291. Is g a prime number?
True
Suppose 0 = 5*z + 4*g - 12879, 0*z = 5*z + 3*g - 12883. Is z/(1*(-1 - 0 - -2)) prime?
True
Suppose -2*d - 12584 + 47802 = 0. Is d composite?
False
Suppose 7*y - y = 24. Let k(a) = 2*a**2 - 4*a + 0*a + 3*a + 6. Is k(y) composite?
True
Suppose -6 = -3*i + 5*d + 33, 0 = -i + 3*d + 13. Let o(x) = x**3 - x**2 + 6*x - 11. Is o(i) a prime number?
False
Let q(a) = 7*a**2 + 7*a + 1. Let c(f) = -15*f**2 - 14*f - 1. Let i(k) = 2*c(k) + 5*q(k). Is i(-6) composite?
True
Suppose -11*d + 22816 = -7*d - 4*w, 0 = 5*d + w - 28502. Is d a prime number?
True
Suppose -102298 = -7*n + 58009. Is n a composite number?
False
Let p(u) = -2*u**3 - 13*u**2 - 7*u - 3. Let j be p(-6). Suppose -319 = -j*x - 28. Is x prime?
True
Let r(u) = u**3 - 8*u**2 + 7*u + 3. Let k be r(7). Let h be 435 - (k + -3)/(-1). Suppose -2*f = f - h. Is f composite?
True
Let k(m) = -m**3 + 6*m**2 + 3*m - 8. Let u be k(6). Is u/(-20) + 1510/4 a prime number?
False
Is (2 - (1 + 558/(-24)))*652 prime?
False
Let v = -33 - -35. Suppose h - 4259 = -2*u, 10650 = v*u + 3*u + 5*h. Is u a composite number?
False
Suppose -4*u - 9 - 45 = 2*l, 0 = 3*u. Let w = 27 + l. Suppose 643 = -w*d + 5*d - 2*b, -4*b = -2*d + 270. Is d composite?
False
Is 3 + 56/10*69805/46 a composite number?
False
Suppose 7667 = -c + 38794. Is c a prime number?
False
Suppose 45901 = -36*g + 365761. Is g composite?
True
Suppose -2*j - 50 = -y, 0*j + 208 = 5*y + 4*j. Let v = 95 - y. Is v composite?
True
Let o be (15/9)/((-1)/(-3)). Suppose -8*d = -o*d + 12. Is (206/(-8))/(d/16) a prime number?
True
Suppose -5868 = -9*s + 2358. Is s prime?
False
Suppose -11*m = -7*m - 8. Suppose 877 = 3*f - m*f. Is f prime?
True
Suppose -172582 = -5*l - 3*j, -2*l + 51509 = -2*j - 17527. Is l a composite number?
True
Let d(g) = -8*g + 16. Let s be d(-5). Let l = s - 25. Suppose -l = 2*z - 189. Is z a prime number?
True
Let o = 10955 - 6351. Suppose 0 = -5*t + t + o. Is t a prime number?
True
Let c(r) be the third derivative of 157*r**5/30 + r**3/2 - 15*r**2. Is c(-2) composite?
False
Let k be (-2)/(-7) + (-11874)/7. Let v = k - -3239. Is v prime?
True
Let k(i) = -i**3 - i**2 + 2. Let y be k(0). Let w be (-155 - y)/((-2)/4). Is 1/(((-4)/w)/(-2)) a composite number?
False
Let s = -45 + 33. Let p be -2 + 2 - 2496/s. Let m = -115 + p. Is m prime?
False
Suppose -4*w - 10 = -2. Let o be (1104/18)/(w/6). Let z = o - -329. Is z prime?
False
Let v(c) = -10 + 12 - 7 + 76*c. Is v(9) a composite number?
True
Is 1 - (-8 - (5 - -621)) a prime number?
False
Suppose 2*a = -5*y + 476, -a + 22 - 408 = -4*y. Suppose 9 = -o + y. Is o prime?
False
Let l(i) = -147*i - 89. Is l(-18) a composite number?
False
Suppose -4*a + k = 6*k - 24, -5*k = 3*a - 23. Let q(n) = 2332*n**2 + 3*n - 2. Is q(a) a composite number?
False
Suppose 5 = -r + 15. Suppose r = 5*v + 3*f, -f - 16 - 14 = -5*v. Suppose 471 = -v*c + 8*c. Is c a prime num